{"id":1356,"date":"2018-06-08T11:14:11","date_gmt":"2018-06-08T09:14:11","guid":{"rendered":"https:\/\/jedi-sports.com\/?page_id=1356"},"modified":"2025-03-13T18:56:40","modified_gmt":"2025-03-13T17:56:40","slug":"jobs","status":"publish","type":"page","link":"https:\/\/jedi-sports.com\/?page_id=1356","title":{"rendered":"Jobs"},"content":{"rendered":"<p>[et_pb_section fb_built=&#8220;1&#8243; custom_padding_last_edited=&#8220;on|desktop&#8220; _builder_version=&#8220;4.16&#8243; background_color=&#8220;#ffffff&#8220; background_image=&#8220;https:\/\/jedi-sports.com\/wp-content\/uploads\/2018\/01\/jedi-sports-roads.jpg&#8220; custom_padding_tablet=&#8220;50px|0|50px|0&#8243; custom_padding_phone=&#8220;&#8220; custom_css_after=&#8220;content: &#8220;;||background-color: rgba(0,0,0,0.8);||width: 100%;||height: 100%;||position: absolute;||top: 0;||left: 0;||display: block;&#8220; global_colors_info=&#8220;{}&#8220;][et_pb_row _builder_version=&#8220;4.16&#8243; background_size=&#8220;initial&#8220; background_position=&#8220;top_left&#8220; background_repeat=&#8220;repeat&#8220; custom_margin=&#8220;0px|||&#8220; custom_padding=&#8220;0px|||&#8220; global_colors_info=&#8220;{}&#8220;][et_pb_column type=&#8220;4_4&#8243; _builder_version=&#8220;4.16&#8243; custom_padding=&#8220;|||&#8220; global_colors_info=&#8220;{}&#8220; custom_padding__hover=&#8220;|||&#8220;][et_pb_text admin_label=&#8220;Ausbildung zum Einzelhandelskaufmann Fahrrad und Zubeh\u00f6r (m\/w\/d):&#8220; _builder_version=&#8220;4.27.4&#8243; text_text_color=&#8220;#ffffff&#8220; header_text_color=&#8220;#ffffff&#8220; header_font_size=&#8220;26px&#8220; background_size=&#8220;initial&#8220; background_position=&#8220;top_left&#8220; background_repeat=&#8220;repeat&#8220; hover_enabled=&#8220;0&#8243; global_colors_info=&#8220;{}&#8220; sticky_enabled=&#8220;0&#8243;]<\/p>\n<h1>Ausbildung zum Einzelhandelskaufmann Fahrrad und Zubeh\u00f6r (m\/w\/d):<\/h1>\n<p>Ausbildungsbeginn: September 2025 \u2013 vorheriges Praktikum erw\u00fcnscht<\/p>\n<p>[\/et_pb_text][et_pb_divider color=&#8220;#ffffff&#8220; _builder_version=&#8220;4.16&#8243; background_size=&#8220;initial&#8220; background_position=&#8220;top_left&#8220; background_repeat=&#8220;repeat&#8220; global_colors_info=&#8220;{}&#8220;][\/et_pb_divider][\/et_pb_column][\/et_pb_row][et_pb_row column_structure=&#8220;1_2,1_2&#8243; _builder_version=&#8220;4.16&#8243; collapsed=&#8220;off&#8220; global_colors_info=&#8220;{}&#8220;][et_pb_column type=&#8220;1_2&#8243; _builder_version=&#8220;4.16&#8243; custom_padding=&#8220;|||&#8220; global_colors_info=&#8220;{}&#8220; custom_padding__hover=&#8220;|||&#8220;][et_pb_text admin_label=&#8220;Inhalt Links&#8220; _builder_version=&#8220;4.16&#8243; header_text_color=&#8220;#ffffff&#8220; header_font_size=&#8220;18px&#8220; background_size=&#8220;initial&#8220; background_position=&#8220;top_left&#8220; background_repeat=&#8220;repeat&#8220; background_layout=&#8220;dark&#8220; global_colors_info=&#8220;{}&#8220;]JEDI Sports ist seit 2006 Bestandteil der luxuri\u00f6sen Welt des Rennrad Sport. Wir verwirklichen die Tr\u00e4ume unserer Kunden auf der ganzen Welt und begleiten Sie von dem Wunsch eines Traumrades, \u00fcber Service und Beratung, bis zur \u00dcbergabe. JEDI Sports steht f\u00fcr Luxus und Lifestyle aber auch f\u00fcr eine Professionelle Fachberatung durch qualifizierte Mitarbeiter und Erfolg durch ambitionierten Teamgeist.<\/p>\n<p>In unserem Produktportfolio vertreten wir viele bekannte Marken wie: Pinarello, Sarto, Cervelo, Wilier, Open und BMC<br \/>\n[\/et_pb_text][\/et_pb_column][et_pb_column type=&#8220;1_2&#8243; _builder_version=&#8220;4.16&#8243; custom_padding=&#8220;|||&#8220; global_colors_info=&#8220;{}&#8220; custom_padding__hover=&#8220;|||&#8220;][et_pb_text admin_label=&#8220;Inhalt Links&#8220; _builder_version=&#8220;4.16&#8243; header_text_color=&#8220;#ffffff&#8220; header_font_size=&#8220;18px&#8220; background_size=&#8220;initial&#8220; background_position=&#8220;top_left&#8220; background_repeat=&#8220;repeat&#8220; background_layout=&#8220;dark&#8220; global_colors_info=&#8220;{}&#8220;]Unser stetiges Wachstum zeichnet sich durch unsere zielstrebige und kundenorientierte Unternehmenspolitik aus.<br \/>\nSeit 2019 begeistern wir unsere Kunden mit unserer au\u00dfergew\u00f6hnlichen Bike Gallery, die schon bald zu deinem Arbeitsplatz werden k\u00f6nnte!<\/p>\n<p>Wenn du dich auch f\u00fcr Radsport begeisterst, selbst leidenschaftlicher Rennrad Fahrer bist und dir schon immer gew\u00fcnscht hast in der High Class des Rennradsports beteiligt zu sein, dann suchen wir genau dich! Mache dein Hobby zum Beruf.<br \/>\n[\/et_pb_text][\/et_pb_column][\/et_pb_row][et_pb_row column_structure=&#8220;1_2,1_2&#8243; _builder_version=&#8220;4.16&#8243; global_colors_info=&#8220;{}&#8220;][et_pb_column type=&#8220;1_2&#8243; _builder_version=&#8220;4.16&#8243; custom_padding=&#8220;|||&#8220; global_colors_info=&#8220;{}&#8220; custom_padding__hover=&#8220;|||&#8220;][et_pb_text admin_label=&#8220;Inhalt Links&#8220; _builder_version=&#8220;4.16&#8243; header_text_color=&#8220;#ffffff&#8220; header_font_size=&#8220;18px&#8220; background_size=&#8220;initial&#8220; background_position=&#8220;top_left&#8220; background_repeat=&#8220;repeat&#8220; background_layout=&#8220;dark&#8220; global_colors_info=&#8220;{}&#8220;]<strong>DAS BRINGST DU MIT:<\/strong><br \/>\n\u2022 Freude am Umgang mit Menschen und arbeiten im Team<br \/>\n\u2022 Begeisterung und Liebe f\u00fcr Fahrr\u00e4der im High-End Bereich<br \/>\n\u2022 Du f\u00e4hrst selber aktiv Rennrad und die Brands unserer Branche sind Dir nicht fremd<br \/>\n\u2022 Technisches Verst\u00e4ndnis und Interesse an Produkten und deren Funktion<br \/>\n\u2022 Geschick im Umgang mit Kunden, egal ob pers\u00f6nlich, am Telefon oder Online<br \/>\n\u2022 Du bist sprachgewandt in Deutsch und kannst Dich in Englisch m\u00fcndlich verst\u00e4ndigen<br \/>\n\u2022 Du verf\u00fcgst \u00fcber gute Kenntnisse in den g\u00e4ngigen MS-Office Anwendungen<br \/>\n\u2022 Du hast einen guten Schulabschluss (H\u00f6here Handelsschule, Fachabitur (vorher Realschule))<\/p>\n<p><strong>DEINE AUFGABEN:<\/strong><br \/>\n\u2022 Du wirst Teil eines engagierten und motivierten Teams<br \/>\n\u2022 Du kennst die aktuellen Trends und vermittelst sie an deine Kunden<br \/>\n\u2022 Du ber\u00e4tst Kunden im Laden und kommunizierst \u00fcber unsere Onlinekan\u00e4le<br \/>\n\u2022 Du k\u00fcmmerst dich um die individuellen W\u00fcnsche der Kunden und stimmst diese im Haus ab<br \/>\n\u2022 Du vereinbarst \u00dcbergabetermine und k\u00fcmmerst dich um die Nachverfolgung und die Dokumentation im Warenwirtschaftssystem<br \/>\n\u2022 Du unterst\u00fctzt das BackOffice im Vertragsmanagement<br \/>\n\u2022 Du hilfst mit, kleine lokale Events vorzubereiten und durchzuf\u00fchren<br \/>\n\u2022 Facebook, Instagram, YouTube wirst Du aktiv mitbetreuen und Deine Ideen einbringen<br \/>\n[\/et_pb_text][\/et_pb_column][et_pb_column type=&#8220;1_2&#8243; _builder_version=&#8220;4.16&#8243; custom_padding=&#8220;|||&#8220; global_colors_info=&#8220;{}&#8220; custom_padding__hover=&#8220;|||&#8220;][et_pb_text admin_label=&#8220;Inhalt Links&#8220; _builder_version=&#8220;4.27.4&#8243; header_text_color=&#8220;#ffffff&#8220; header_font_size=&#8220;18px&#8220; background_size=&#8220;initial&#8220; background_position=&#8220;top_left&#8220; background_repeat=&#8220;repeat&#8220; background_layout=&#8220;dark&#8220; hover_enabled=&#8220;0&#8243; global_colors_info=&#8220;{}&#8220; sticky_enabled=&#8220;0&#8243;]<\/p>\n<p><strong>WIR BIETEN:<\/strong><br \/>\u2022 Einen festen Arbeitsvertrag mit geregelten Arbeitszeiten inkl. Gravel oder Roadbike fahren<br \/>\u2022 Spannende und interessante Einblicke in den Bereichen Verkauf und Montage<br \/>\u2022 Verantwortungsvolle und abwechslungsreiche Aufgaben<br \/>\u2022 H\u00f6heres Ausbildungsgehalt als \u00fcblich 1. Jahr 925,66 \u20ac \/ 2. Jahr: 1.016.06 \u20ac \/ 3. Jahr 1.089,42 \u20ac<br \/>\u2022 Hohe \u00dcbernahmequote mit \u00fcberdurchschnittlichen Verdienst, plus Provisionsboni<br \/>\u2022 Eine entspannte Atmosph\u00e4re in einem kleinen, engagierten Team<br \/>\u2022 Rabatte<br \/>\u2022 Parkpl\u00e4tze<br \/>\u2022 Handy \/ Tablet \/ Notebook<br \/>\u2022 Events<br \/>\u2022 Gesundheitsma\u00dfnahmen<\/p>\n<p>Wenn wir damit dein Interesse geweckt haben, freuen wir uns auf deine aussagekr\u00e4ftigen Bewerbungsunterlagen per E-Mail an:<\/p>\n<p><strong>Anschrift<br \/><\/strong>JEDI Sports e.K.<br \/>Talring 110<br \/>47802 Krefeld<br \/>E-Mail: <a href=\"mailto:info@jedi-sport.de\">info@jedi-sport.de<\/a><\/p>\n<p><strong>Ausbildungsbeginn September 2025 \u2013 vorheriges Praktikum ist erw\u00fcnscht!<\/strong><\/p>\n<p>[\/et_pb_text][\/et_pb_column][\/et_pb_row][et_pb_row _builder_version=&#8220;4.16&#8243; background_size=&#8220;initial&#8220; background_position=&#8220;top_left&#8220; background_repeat=&#8220;repeat&#8220; global_colors_info=&#8220;{}&#8220; admin_label=&#8220;Zeile&#8220;][et_pb_column type=&#8220;4_4&#8243; _builder_version=&#8220;4.16&#8243; custom_padding=&#8220;|||&#8220; global_colors_info=&#8220;{}&#8220; custom_padding__hover=&#8220;|||&#8220;][et_pb_cta button_url=&#8220;mailto:info@jedi-sports.de?subject=Ausbildung%20zum%20Einzelhandelskaufmann%20Fahrrad%20und%20Zubeh\u00f6r%20(m\/w\/d):&#8220; button_text=&#8220;JETZT BEWERBEN!&#8220; disabled_on=&#8220;off|off|off&#8220; admin_label=&#8220;Call To Action &#8211; JETZT BEWERBEN!&#8220; _builder_version=&#8220;4.16&#8243; use_background_color=&#8220;off&#8220; background_size=&#8220;initial&#8220; background_position=&#8220;top_left&#8220; background_repeat=&#8220;repeat&#8220; custom_button=&#8220;on&#8220; button_text_color=&#8220;#e02b20&#8243; button_border_color=&#8220;#e02b20&#8243; button_icon=&#8220;&#x39;||divi||400&#8243; use_border_color=&#8220;off&#8220; saved_tabs=&#8220;all&#8220; global_colors_info=&#8220;{}&#8220; button_text_size__hover_enabled=&#8220;off&#8220; button_one_text_size__hover_enabled=&#8220;off&#8220; button_two_text_size__hover_enabled=&#8220;off&#8220; button_text_color__hover_enabled=&#8220;off&#8220; button_one_text_color__hover_enabled=&#8220;off&#8220; button_two_text_color__hover_enabled=&#8220;off&#8220; button_border_width__hover_enabled=&#8220;off&#8220; button_one_border_width__hover_enabled=&#8220;off&#8220; button_two_border_width__hover_enabled=&#8220;off&#8220; button_border_color__hover_enabled=&#8220;off&#8220; button_one_border_color__hover_enabled=&#8220;off&#8220; button_two_border_color__hover_enabled=&#8220;off&#8220; button_border_radius__hover_enabled=&#8220;off&#8220; button_one_border_radius__hover_enabled=&#8220;off&#8220; button_two_border_radius__hover_enabled=&#8220;off&#8220; button_letter_spacing__hover_enabled=&#8220;off&#8220; button_one_letter_spacing__hover_enabled=&#8220;off&#8220; button_two_letter_spacing__hover_enabled=&#8220;off&#8220; button_bg_color__hover_enabled=&#8220;off&#8220; button_one_bg_color__hover_enabled=&#8220;off&#8220; button_two_bg_color__hover_enabled=&#8220;off&#8220;][\/et_pb_cta][\/et_pb_column][\/et_pb_row][\/et_pb_section]<\/p>\n","protected":false},"excerpt":{"rendered":"<p>Ausbildung zum Einzelhandelskaufmann Fahrrad und Zubeh\u00f6r (m\/w\/d): Ausbildungsbeginn: September 2025 \u2013 vorheriges Praktikum erw\u00fcnschtJEDI Sports ist seit 2006 Bestandteil der luxuri\u00f6sen Welt des Rennrad Sport. Wir verwirklichen die Tr\u00e4ume unserer Kunden auf der ganzen Welt und begleiten Sie von dem Wunsch eines Traumrades, \u00fcber Service und Beratung, bis zur \u00dcbergabe. JEDI Sports steht f\u00fcr Luxus [&hellip;]<\/p>\n","protected":false},"author":3,"featured_media":0,"parent":0,"menu_order":0,"comment_status":"closed","ping_status":"closed","template":"","meta":{"_et_pb_use_builder":"on","_et_pb_old_content":"","_et_gb_content_width":"","footnotes":""},"class_list":["post-1356","page","type-page","status-publish","hentry"],"yoast_head":"<!-- This site is optimized with the Yoast SEO plugin v25.6 - https:\/\/yoast.com\/wordpress\/plugins\/seo\/ -->\n<title>Jobs - JEDI Sports<\/title>\n<meta name=\"robots\" content=\"index, follow, max-snippet:-1, max-image-preview:large, max-video-preview:-1\" \/>\n<link rel=\"canonical\" href=\"https:\/\/jedi-sports.com\/?page_id=1356\" \/>\n<meta property=\"og:locale\" content=\"de_DE\" \/>\n<meta property=\"og:type\" content=\"article\" \/>\n<meta property=\"og:title\" content=\"Jobs - JEDI Sports\" \/>\n<meta property=\"og:description\" content=\"Ausbildung zum Einzelhandelskaufmann Fahrrad und Zubeh\u00f6r (m\/w\/d): Ausbildungsbeginn: September 2025 \u2013 vorheriges Praktikum erw\u00fcnschtJEDI Sports ist seit 2006 Bestandteil der luxuri\u00f6sen Welt des Rennrad Sport. Wir verwirklichen die Tr\u00e4ume unserer Kunden auf der ganzen Welt und begleiten Sie von dem Wunsch eines Traumrades, \u00fcber Service und Beratung, bis zur \u00dcbergabe. JEDI Sports steht f\u00fcr Luxus [&hellip;]\" \/>\n<meta property=\"og:url\" content=\"https:\/\/jedi-sports.com\/?page_id=1356\" \/>\n<meta property=\"og:site_name\" content=\"JEDI Sports\" \/>\n<meta property=\"article:modified_time\" content=\"2025-03-13T17:56:40+00:00\" \/>\n<meta name=\"twitter:card\" content=\"summary_large_image\" \/>\n<meta name=\"twitter:label1\" content=\"Gesch\u00e4tzte Lesezeit\" \/>\n\t<meta name=\"twitter:data1\" content=\"3\u00a0Minuten\" \/>\n<script type=\"application\/ld+json\" class=\"yoast-schema-graph\">{\"@context\":\"https:\/\/schema.org\",\"@graph\":[{\"@type\":\"WebPage\",\"@id\":\"https:\/\/jedi-sports.com\/?page_id=1356\",\"url\":\"https:\/\/jedi-sports.com\/?page_id=1356\",\"name\":\"Jobs - JEDI Sports\",\"isPartOf\":{\"@id\":\"https:\/\/jedi-sports.com\/#website\"},\"datePublished\":\"2018-06-08T09:14:11+00:00\",\"dateModified\":\"2025-03-13T17:56:40+00:00\",\"breadcrumb\":{\"@id\":\"https:\/\/jedi-sports.com\/?page_id=1356#breadcrumb\"},\"inLanguage\":\"de\",\"potentialAction\":[{\"@type\":\"ReadAction\",\"target\":[\"https:\/\/jedi-sports.com\/?page_id=1356\"]}]},{\"@type\":\"BreadcrumbList\",\"@id\":\"https:\/\/jedi-sports.com\/?page_id=1356#breadcrumb\",\"itemListElement\":[{\"@type\":\"ListItem\",\"position\":1,\"name\":\"Startseite\",\"item\":\"https:\/\/jedi-sports.com\/\"},{\"@type\":\"ListItem\",\"position\":2,\"name\":\"Jobs\"}]},{\"@type\":\"WebSite\",\"@id\":\"https:\/\/jedi-sports.com\/#website\",\"url\":\"https:\/\/jedi-sports.com\/\",\"name\":\"JEDI Sports\",\"description\":\"Premium Bike Gallery\",\"publisher\":{\"@id\":\"https:\/\/jedi-sports.com\/#organization\"},\"potentialAction\":[{\"@type\":\"SearchAction\",\"target\":{\"@type\":\"EntryPoint\",\"urlTemplate\":\"https:\/\/jedi-sports.com\/?s={search_term_string}\"},\"query-input\":{\"@type\":\"PropertyValueSpecification\",\"valueRequired\":true,\"valueName\":\"search_term_string\"}}],\"inLanguage\":\"de\"},{\"@type\":\"Organization\",\"@id\":\"https:\/\/jedi-sports.com\/#organization\",\"name\":\"JEDI Sports e.K.\",\"url\":\"https:\/\/jedi-sports.com\/\",\"logo\":{\"@type\":\"ImageObject\",\"inLanguage\":\"de\",\"@id\":\"https:\/\/jedi-sports.com\/#\/schema\/logo\/image\/\",\"url\":\"https:\/\/rad-cafe.de\/wp-content\/uploads\/2018\/01\/logo-jedi-sports-rot.png\",\"contentUrl\":\"https:\/\/rad-cafe.de\/wp-content\/uploads\/2018\/01\/logo-jedi-sports-rot.png\",\"width\":600,\"height\":105,\"caption\":\"JEDI Sports e.K.\"},\"image\":{\"@id\":\"https:\/\/jedi-sports.com\/#\/schema\/logo\/image\/\"}}]}<\/script>\n<!-- \/ Yoast SEO plugin. -->","yoast_head_json":{"title":"Jobs - JEDI Sports","robots":{"index":"index","follow":"follow","max-snippet":"max-snippet:-1","max-image-preview":"max-image-preview:large","max-video-preview":"max-video-preview:-1"},"canonical":"https:\/\/jedi-sports.com\/?page_id=1356","og_locale":"de_DE","og_type":"article","og_title":"Jobs - JEDI Sports","og_description":"Ausbildung zum Einzelhandelskaufmann Fahrrad und Zubeh\u00f6r (m\/w\/d): Ausbildungsbeginn: September 2025 \u2013 vorheriges Praktikum erw\u00fcnschtJEDI Sports ist seit 2006 Bestandteil der luxuri\u00f6sen Welt des Rennrad Sport. Wir verwirklichen die Tr\u00e4ume unserer Kunden auf der ganzen Welt und begleiten Sie von dem Wunsch eines Traumrades, \u00fcber Service und Beratung, bis zur \u00dcbergabe. JEDI Sports steht f\u00fcr Luxus [&hellip;]","og_url":"https:\/\/jedi-sports.com\/?page_id=1356","og_site_name":"JEDI Sports","article_modified_time":"2025-03-13T17:56:40+00:00","twitter_card":"summary_large_image","twitter_misc":{"Gesch\u00e4tzte Lesezeit":"3\u00a0Minuten"},"schema":{"@context":"https:\/\/schema.org","@graph":[{"@type":"WebPage","@id":"https:\/\/jedi-sports.com\/?page_id=1356","url":"https:\/\/jedi-sports.com\/?page_id=1356","name":"Jobs - JEDI Sports","isPartOf":{"@id":"https:\/\/jedi-sports.com\/#website"},"datePublished":"2018-06-08T09:14:11+00:00","dateModified":"2025-03-13T17:56:40+00:00","breadcrumb":{"@id":"https:\/\/jedi-sports.com\/?page_id=1356#breadcrumb"},"inLanguage":"de","potentialAction":[{"@type":"ReadAction","target":["https:\/\/jedi-sports.com\/?page_id=1356"]}]},{"@type":"BreadcrumbList","@id":"https:\/\/jedi-sports.com\/?page_id=1356#breadcrumb","itemListElement":[{"@type":"ListItem","position":1,"name":"Startseite","item":"https:\/\/jedi-sports.com\/"},{"@type":"ListItem","position":2,"name":"Jobs"}]},{"@type":"WebSite","@id":"https:\/\/jedi-sports.com\/#website","url":"https:\/\/jedi-sports.com\/","name":"JEDI Sports","description":"Premium Bike Gallery","publisher":{"@id":"https:\/\/jedi-sports.com\/#organization"},"potentialAction":[{"@type":"SearchAction","target":{"@type":"EntryPoint","urlTemplate":"https:\/\/jedi-sports.com\/?s={search_term_string}"},"query-input":{"@type":"PropertyValueSpecification","valueRequired":true,"valueName":"search_term_string"}}],"inLanguage":"de"},{"@type":"Organization","@id":"https:\/\/jedi-sports.com\/#organization","name":"JEDI Sports e.K.","url":"https:\/\/jedi-sports.com\/","logo":{"@type":"ImageObject","inLanguage":"de","@id":"https:\/\/jedi-sports.com\/#\/schema\/logo\/image\/","url":"https:\/\/rad-cafe.de\/wp-content\/uploads\/2018\/01\/logo-jedi-sports-rot.png","contentUrl":"https:\/\/rad-cafe.de\/wp-content\/uploads\/2018\/01\/logo-jedi-sports-rot.png","width":600,"height":105,"caption":"JEDI Sports e.K."},"image":{"@id":"https:\/\/jedi-sports.com\/#\/schema\/logo\/image\/"}}]}},"_links":{"self":[{"href":"https:\/\/jedi-sports.com\/index.php?rest_route=\/wp\/v2\/pages\/1356"}],"collection":[{"href":"https:\/\/jedi-sports.com\/index.php?rest_route=\/wp\/v2\/pages"}],"about":[{"href":"https:\/\/jedi-sports.com\/index.php?rest_route=\/wp\/v2\/types\/page"}],"author":[{"embeddable":true,"href":"https:\/\/jedi-sports.com\/index.php?rest_route=\/wp\/v2\/users\/3"}],"replies":[{"embeddable":true,"href":"https:\/\/jedi-sports.com\/index.php?rest_route=%2Fwp%2Fv2%2Fcomments&post=1356"}],"version-history":[{"count":31,"href":"https:\/\/jedi-sports.com\/index.php?rest_route=\/wp\/v2\/pages\/1356\/revisions"}],"predecessor-version":[{"id":2234,"href":"https:\/\/jedi-sports.com\/index.php?rest_route=\/wp\/v2\/pages\/1356\/revisions\/2234"}],"wp:attachment":[{"href":"https:\/\/jedi-sports.com\/index.php?rest_route=%2Fwp%2Fv2%2Fmedia&parent=1356"}],"curies":[{"name":"wp","href":"https:\/\/api.w.org\/{rel}","templated":true}]}}